1 + 15 + 25)?
13
What is 0 - (5 + (-1 - 0) + -9)?
5
-19 + (-10 - (38 - 65))
-2
What is the value of -1 + 1 + -13 + 7?
-6
Evaluate -14 - -10 - (-1 + (-11 - (-5 - -3))).
6
What is the value of 14 + (3 + 21 - 44)?
-6
Calculate (0 + -2 + -4 + -1 - -8) + -2.
-1
What is the value of -2 - (-11 - -19 - 10)?
0
-27 + 18 + 6 + 11
8
What is 9 + 10 + (-12 - -1)?
8
What is the value of (11 - (25 + -21)) + (0 - 3)?
4
What is the value of 32 + -26 - (-1 + -5) - 26?
-14
Calculate -8 - (-4 + (-2 - 3) + 4 + -1).
-2
Calculate -1 + -6 + (47 - 31).
9
Calculate 0 + (-7 - (-2 + -1 + 4)).
-8
What is the value of -29 + (-11 - (-11 + -6) - -5)?
-18
Evaluate 11 + -19 + -1 + -4.
-13
Calculate -51 + 111 - (-6 - -31).
35
Evaluate -5 - (12 + -15) - -9.
7
Calculate -6 + (3 - (-5 + (11 - -1))).
-10
Calculate -3 - (-11 - 0 - (23 - 11 - 10)).
10
Evaluate (-4 - 0) + 13 - (-11 + 19).
1
What is the value of (902 - 913) + (-7 - 0)?
-18
Evaluate 12 + (-60 - (-13 + (-15 - -11))).
-31
Calculate -2 + 0 + 1023 + -1028.
-7
Evaluate 11 + (5 - (0 - -4)) + 2.
14
Evaluate 112 - 111 - (-9 + 0).
10
What is 13 - (18 - -3) - (-14 + 11)?
-5
7711 + -7670 - (1 + 19 - 0)
21
-4 + 19 - (63 - 68)
20
Evaluate -462 - -457 - (0 - 1 - 40).
36
What is -16 - (-16 + (43 - 0) + -12)?
-31
38 + -34 - (-2 + -4)
10
What is 12 - -1 - ((39 - 103) + 54)?
23
What is the value of -6 - (6 + (4 - 11) + 7)?
-12
What is the value of -8 - (3 + (-10 - -8))?
-9
What is 10 + (24 - 16) + 1 + 0?
19
Calculate -3 + -44 + 21 + 9.
-17
12 - (-24 - -26 - 13)
23
Evaluate -9 - (-21 + 0 + 11).
1
Evaluate 11 - (10 + 6 + -18).
13
What is 2 - -4 - (15 + (2 - (-2 + 9)))?
-4
(12 - -9) + -9 + -11 - 14
-13
What is -12 - (28 + -23) - (3 - 13)?
-7
What is (-15 - -3) + (-20 - -18)?
-14
2 - (6 + (5 - (13 - 4)) - 4)
4
Calculate -21 + (14 - 4) - -10 - (5 - 1).
-5
Evaluate 11 + (15 - 9 - 19) + -20.
-22
-2 + 21 - (-7 + 2 + 0 + 4)
20
(0 - (-2 + 1)) + (-4 - (-11 + -1))
9
What is -508 + 521 - (1 - 1)?
13
-2 - (9 - (9 + -1))
-3
Calculate 13 - ((4 - (3 - -2)) + (5 - 11)).
20
Calculate (0 - -6) + 35 + -26.
15
Calculate -26 + 4 + -1 + -5 + 4 + -1.
-25
Calculate 19 - (-8 - (-2 + -13)).
12
Evaluate 37 + 2 + 0 - (-54 + 3 + 61).
29
11 - (30 + (-12 - -10) - -5)
-22
Calculate 110 + -73 + -17 + (-6 - -13).
27
What is -3 - (-3 + 15) - (5 - 0)?
-20
What is the value of -1 + -1 + (5 - 10) + 0 + -3?
-10
Evaluate 11 + (2 + -10 - (43 - 36)) + -1.
-5
Evaluate 6 + (2 - -9 - (11 + 2)).
4
Calculate -4 - (-20 + 6) - (1 + 1).
8
Calculate 14 + (-25 - -9 - -15).
13
Calculate -4 + 1 + (7 - 7 - 8 - -2).
-9
Calculate 12 + -19 + 6 - -15.
14
Calculate 19 - (29 + -13 + -13).
16
What is the value of -32 + 2 - (-234 - -186)?
18
Evaluate -29 + -13 + 33 + (-2 - -2) + 1.
-8
Evaluate (36 - 24) + (-5 - 14).
-7
Evaluate 35 + -58 - (-23 - 0).
0
(20 - (14 + 20)) + -5
-19
What is the value of 0 + 3 - (11 - (-28 + 26))?
-10
What is -7 - ((15 - 7) + (-11 - -3))?
-7
-23 + 15 + -1 + 6 - 10
-13
What is the value of -2 + (9 - -3) - (3 + -2 + 0)?
9
What is -17 + 7 + 0 - 7?
-17
What is the value of 7 - -2 - (14 + -1 - (-340 + 359))?
15
-5 + 6 + 30 + -52
-21
What is 179 + -176 - (0 + 1)?
2
Evaluate -9 + (-25 - -3 - (5 + -6)).
-30
What is 2 - (-15 + 7 - -4)?
6
Evaluate -3 + -2 + 2 + -2 + -1.
-6
Calculate 10 + -12 + (39 - 14 - -3).
26
What is (11 - 2) + 44 - 23?
30
Calculate -39 - -18 - (-37 + 12).
4
What is the value of 30 + -8 + -9 - 10?
3
What is the value of -16 - (-8 + -5 + 12)?
-15
What is 32 - (44 + (-18 - 11))?
17
Calculate 5 + 5 - (34 + -36) - (0 + -2).
14
(-41 - -39) + (-8 + 5 - (1 + 1))
-7
(16 - -1 - -1) + (1393 - 1402)
9
What is (15 - 9) + (1 + 3 - (10 - 1))?
1
Calculate -5 + (11 - 36) + 12.
-18
What is 19 + -21 + (13 - 15)?
-4
What is 30 + -28 + -15 + 34?
21
What is the value of (-18 - -16) + (-38 - -32)?
-8
Evaluate -15 - (24 + (-15 - 4)).
-20
(1 - 17) + 22 - (0 - -42 - 0)
-36
What is (26 - 2) + 10 - 20?
14
(18 - 30) + 20 + (-59 - 1) + 11
-41
1 + -9 + (135 - 111)
16
Calculate -1 - (36 + -4 - 19).
-14
43 - 53 - (1 + 1 - 11)
-1
What is -18 - (-4 - (8 + -10 - (-4 - -5)))?
-17
Calculate -7 + -11 + 46 + -12.
16
Evaluate -28 + (10 + -2 - (-32 + 45)) + 13.
-20
Calculate (6 - -10 - 7) + (-2 - -8).
15
What is the value of -2 - -6 - (3 - (11 + -4 - 2))?
6
Calculate 10 - 14 - -12 - 11.
-3
What is (13 + -6 - 6) + (-8 - -5)?
-2
(-21 - -37) + 10 + -22
4
What is -38 + 50 + (-3 - 30)?
-21
What is the value of 39 - 21 - -2 - 16?
4
What is (8 - (0 + 5)) + -7 - 13 - -2?
-15
-14 + -106 + 96 + 31 + 0
7
Calculate 33 + -3 + 7 + -12 - (18 + -12).
19
(-24 - -37) + 5 + 0 + -13
5
What is 2083 - 2080 - (-2 - 0 - -1)?
4
-27 - ((-8 - 1) + 59 + -59)
-18
What is (14 - 7) + 10 + -23 - (-11 - -1)?
4
What is (0 - (-4 + 9 - (2 + -1))) + -6?
-10
What is the value of (-24 + 12 - 28) + 12 + 5?
-23
Evaluate (16 - -9) + -16 + (5 - 7).
7
What is the value of 7 - (-3 - 3) - 25?
-12
Calculate (27 - (48 - 10)) + (5 - 2).
-8
Evaluate 21 + -13 + 13 - 23.
-2
-2 + (20 - 12) - (4 + 7)
-5
(2 - -1) + 93 + -94 + -12
-10
Calculate 1 + 15 + (-12 - -22 - (1 + 13)).
12
Evaluate 3 - (-9 + 7 + 25).
-20
Evaluate -8 - (0 + (0 - 0) + (558 - 555)).
-11
Calculate -17 + 0 + (-11 - -22 - 2).
-8
What is -21 + (-2 - (7 - 7) - (-6 - 2))?
-15
What is the value of (-2 - -4) + (45 - 52)?
-5
-37 + (11 - -30) + 14 + -1
17
What is the value of 28 + 10 + (-23 - (0 - 4))?
19
Evaluate (5 + 4 - 19 - -7) + 8 + 7.
12
Calculate (-1 - (0 - -2)) + 9 + -4 - -6.
8
What is (1 - (2 + -3) - (-65 - -58)) + 8?
17
Calculate (11 - (89 - 46)) + -7.
-39
Evaluate (-15 - (-16 - (-16 - -8))) + 3.
-4
Calculate 3 - (10 + 6 + -7).
-6
-7 + -7 + 5 + -6 + 9
-6
Evaluate -13 + (5 - (-30 - 0)) + 2.
24
-5 + 16 + (6 + -4 - -1)
14
-13 + 41 + -4 - 33
-9
10 + -3 + (-5 - -6 - 7)
1
Evaluate -2 + -23 + (52 + -8 - 35).
-16
Calculate -3 + 7 + -3 + -370 + 405.
36
What is the value of 210 + -239 + (10 - 1)?
-20
111 + -81 - (3 - -5)
22
Evaluate 11 + -64 - (-38 + 16) - (1 - 3).
-29
Calculate (9 + -13 - 16) + 24.
4
What is 26 + -3 - (29 + -32)?
26
What is (-10 - (-15 + 6)) + -1 + 0 + -8?
-10
-38 + 23 + -1 + 9 + 0
-7
Evaluate 35 - (44 + -5) - (1 + 6).
-11
What is -43 - -2 - (-65 - -56 - 3)?
-29
Evaluate -1 - ((-34 - -11) + 9 + -14).
27
What is the value of 3 + -37 - (-97 + 90)?
-27
-4 + 4 + -7 + 14 + -14
-7
What is 29 + 6 - 51 - (2 + 7 + 0)?
-25
What is (21 - 13) + 23 + -21?
10
What is 34 + -21 + -8 - -22?
27
What is 7 + 2 + (-12 - (-1 - 3))?
1
Evaluate -20 + (-19 - (18 - 17) - -53).
13
Evaluate (-7 - -3) + (17 - (8 + 0)) + 11.
16
Calculate (16 - -9 - 31) + 3.
-3
What is 4 + 1 + -21 + (106 - 118)?
-28
Calculate 11 + -3 + (-20 - (-4 + 8 + -7)).
-9
(19 - 6) + 4 - -5
22
Evaluate (5 - 3 - 2) + -2 + -4.
-6
(2 - 9) + -1 + 13
5
What is 15 - (0 - -21 - 0)?
-6
What is the value of (0 - -1) + 6 + (3 - 2) + -5?
3
What is the value of (-1 - 14) + 22 + -13 + 12 + -30?
-24
Evaluate 5 + (4 + 1 + -3 - (23 + -29)).
13
What is -23 + (-9 - -24 - -12)?
4
What is the value of (-3 - -9) + (13 - 21)?
-2
(-4 - -19) + -25 + -3
-13
What is (26 - 11) + -1 + -2?
12
Evaluate (20 - 36) + 20 + 0 + 7.
11
What is 34 + -49 - (-1 + -27)?
13
Calculate (-10 - -18) + -9 - (-6 - (-16 + 1)).
-10
What is the value of (3 - -1) + 0 + (-16 - -3)?
-9
Evaluate 1 + -12 - (926 + -955).
18
What is the value of (2 + 6 - 5 - 5) + (-12 - -11)?
-3
What is 4 - ((-5 + 5 - 0) + 1 + 12)?
-9
Evaluate (28 - 52) + 3 + -6.
-27
What is (-58 - -26) + 40 - 30?
-22
4 - 0 - (177 + -172)
-1
Evaluate 4 + (2 - (5 + 25 + -1 + -4)).
-19
0 + 11 + -33 + 27
5
What is -3 + 12 + 1 + -21?
-11
What is the value of 23 + 2 + (-13 + 6 - 3)?
15
Evaluate -8 + 36 + (12 - 36).
4
Calculate 10 + -2 + -9 + -3.
-4
1 + (-2 - 0 - 1) - (-929 + 938)
-11
What is 6 - 2 - ((-11 - 4) + (28 - 11))?
2
What is 2 - (-5 + -5 + 9 - -16)?
-13
Calculate 17 + (31 - 29) - (2 + 9).
8
0 - -1 - ((-8 - (5 + -8)) + -5)
11
-1 - 3 - (-17 + (-1 - (-9 + 2)))
7
Calculate 10 - 6 - (-1 - -2 - 6).
9
127 + -131 + 0 + -3
-7
What is -6 + (-8 - -5) - (-7 + 13)?
-15
What is 20 + -15 - (-17 + 9)?
13
Calculate -24 + (3 - -28) + (24 - 0).
31
-8 - (13 + -12 + -2)
-7
(14 + 3 - 4) + (50 - 62)
1
What is the value of -1 + -3 + (-5 - -22) + -18?
-5
Evaluate 0 + -8 - (9 + -7 + -8).
-2
(5 + (-1 - 7) - -7) + 1
5
What is the value of 0 + (-7 - -3 - (1 - 10)) - -10?
15
Evaluate ((37 - 50) + (-1 - -8) - -4) + 4.
2
What is the value of 9 + 16 + 7 +